t a be (-1 + (-9)/(-6))*p. Suppose a = b + 6. List the prime factors of b.
2, 7
Let z = -65 - -97. Let l = 24 - z. Let v(p) = p**3 + 10*p**2 + 12*p + 18. List the prime factors of v(l).
2, 5
Let k be 1176/(-28)*(3 - 1). Let c = k - -225. List the prime factors of c.
3, 47
Let q(k) = 133*k**3 - k**2 + k + 1. Let x be q(-1). Let r = 194 + x. What are the prime factors of r?
2, 3, 5
Suppose -266 = -5*c + 2*b, -4*c = b + 3*b - 224. Suppose -636 = -58*k + c*k. List the prime factors of k.
3, 53
Suppose -898 = -m - o, 20*m - 19*m - o - 906 = 0. List the prime factors of m.
2, 11, 41
Let m be ((-12)/(-10))/(34/3145). What are the prime factors of (2 + m)*(-5)/(-5) + 4?
3, 13
Let g be 82*((196/8)/(-7) + 4). Suppose 44*f - g*f = 273. List the prime factors of f.
7, 13
Let n = -133 - -211. Suppose -c + 16 + 33 = -5*q, 2*c - 5*q = n. What are the prime factors of c?
29
Let u(o) = 191*o**3 + 3*o**2 - 4*o + 3. List the prime factors of u(1).
193
What are the prime factors of -5 + 0 + 993 + -4?
2, 3, 41
Let v be 1/((-1)/27*-3). Let c(j) = j**3 - 10*j**2 + 7*j + 9. Let u be c(v). Let o(y) = -y**2 - 9*y + 2. What are the prime factors of o(u)?
2
Suppose -11*o + 996 + 3756 = 0. List the prime factors of o.
2, 3
Suppose -4 = -2*m - 0. Let c(g) = -7 - 3 - 6*g - 2*g**m + 4*g**2. List the prime factors of c(-4).
2, 23
Let z(b) = 2*b + 24. Let s be z(-10). Let k(o) = -o**2 + 2*o + 5. Let m be k(s). List the prime factors of m/(-9)*(35 + -5).
2, 5
Suppose -4*b + 107 = -33. Suppose 196 = 3*j - b. What are the prime factors of j?
7, 11
Let r = 521 - 301. What are the prime factors of r?
2, 5, 11
Let v(u) be the second derivative of -u**5/20 + u**4/3 - u**3/6 - 5*u**2/2 - 8*u. What are the prime factors of v(-3)?
61
Let y(v) = v**3 + 7*v**2 + 6*v + 4. Let x be y(-6). Suppose 3*i + 4 + 5 = 0, -2*i - 346 = -x*z. List the prime factors of z.
5, 17
Let i be ((-15)/(-6))/(-5)*0. Suppose -4*x + 5*g = -42, i = 5*x - 3*x + 3*g - 32. What are the prime factors of x?
13
Let v = -1607 + 3031. What are the prime factors of v?
2, 89
Let w = -1583 + 1583. Suppose -b = 2*b - u - 9, -3*b = 4*u + 6. Suppose -5*o + b*o + 6 = w. What are the prime factors of o?
2
Let i be (3/9)/((-6)/(-1206)). Suppose i + 68 = -5*z. Let k = z - -36. What are the prime factors of k?
3
Suppose -5*y - 25 = 0, 4*y + 93 + 942 = m. What are the prime factors of m?
5, 7, 29
Let r(h) = 4452*h + 50. List the prime factors of r(1).
2, 2251
Let t(j) be the third derivative of j**7/630 + j**5/12 + j**2. Let p(v) be the third derivative of t(v). What are the prime factors of p(1)?
2
Let d be (18/(-12))/((-2)/212). Let h = -107 + d. What are the prime factors of h?
2, 13
Let f(j) = 0*j + 3*j + 3*j - j**3 + 6*j - 13 + 9*j**2. Let b be f(10). Suppose -b = 5*w - 77. List the prime factors of w.
2, 7
Let w be (0 + -2)/((-8)/(-5) + -2). Suppose 4*r = w*b + 325, 4*b = -2*r + 3*r - 95. List the prime factors of r.
3, 5
Suppose -84*u = -69*u - 29430. What are the prime factors of u?
2, 3, 109
Let i = -29 + 19. Let c(o) = 6*o + 14. Let d be c(i). Let w = d - -103. What are the prime factors of w?
3, 19
Suppose 10079 = 9*m - 4420. List the prime factors of m.
3, 179
Suppose -3*k + 6*k - y - 1241 = 0, 1221 = 3*k + 3*y. What are the prime factors of k?
2, 103
List the prime factors of ((-8)/(-12) + -2)/((-2)/3804).
2, 317
Let b(l) = l**2 + 7*l - 4. Let v be (-114)/15 + 4/(-10). Let r be b(v). Suppose -60 = -0*s - r*s. List the prime factors of s.
3, 5
Suppose i - 4*i + 4*j = -1080, 5*j + 1440 = 4*i. Let p = -237 + i. What are the prime factors of p?
3, 41
Suppose -984 = 113*b - 119*b. List the prime factors of b.
2, 41
Suppose 4*v = -v - 480. What are the prime factors of (v - -1)/(1 + -2)?
5, 19
Let c = -162 + 776. What are the prime factors of c?
2, 307
What are the prime factors of 908/(-6 - (-5 - 2))?
2, 227
Let s = 2840 + -1835. What are the prime factors of s?
3, 5, 67
Let b(c) = 632*c**3 + 4*c**2 - 8*c + 5. What are the prime factors of b(1)?
3, 211
Let z(f) = 18*f + 525. List the prime factors of z(42).
3, 7, 61
Let y(o) = 2*o + 8. Let t be y(-4). Suppose t*q - 15 = -5*q. Let i = q + 19. What are the prime factors of i?
2, 11
Let y be -7*(9/3 - 7). Suppose -33 = -3*b - 2*x, -5*b = -3*x + 2*x - 68. Let k = b + y. List the prime factors of k.
41
Let q(x) = x + 18. Suppose 4 = 5*l - 36. Let w(b) = b - 8. Let f be w(l). What are the prime factors of q(f)?
2, 3
Let x(u) = -u**3 - 6*u**2 + 16*u - 25. List the prime factors of x(-10).
5, 43
Let h(k) be the second derivative of k**5/10 - k**4/2 + k**3/6 + k**2 - 14*k. Let s be h(3). Suppose s*n = -n + 126. List the prime factors of n.
3, 7
Let p be (2/(-4))/(9/(-18)). Suppose 5*q + 4 + p = k, -3*k - 2*q = 36. What are the prime factors of (k - 1)*(-6 - -4)?
2, 11
Suppose 8*a + 25 = 13*a. Suppose -i = -a - 2. Let k(w) = -w**3 + 7*w**2 + 2*w - 7. List the prime factors of k(i).
7
Let f = -2058 + 2196. What are the prime factors of f?
2, 3, 23
Let a = -255 + 384. Suppose a = n + 2*c, 0 = 5*n + 2*c - 572 - 41. What are the prime factors of n?
11
Let s = -29 + 138. Let x = 72 - s. Let g = x + 101. List the prime factors of g.
2
Suppose -2*v = -0*v - 18. Let r(i) = 3*i - 17. List the prime factors of r(v).
2, 5
Let o = 554 - 313. What are the prime factors of o?
241
Suppose 0 = 3*l - 2*i - 160, 4*i = 3*l + 4 - 168. Suppose 2*f + 0*y = 2*y + l, -2*f + 45 = 5*y. What are the prime factors of f?
5
List the prime factors of (-28)/(-49) - 3/(42/(-4108)).
2, 3, 7
Let t = 87 + -54. Suppose 3*s - 171 + t = 0. List the prime factors of s.
2, 23
Let c be ((-144)/60)/(3/10). Let y = c + 4. Let u = 9 + y. What are the prime factors of u?
5
Suppose 4*y - 60 = -f - 2*f, 4 = y - 2*f. List the prime factors of y.
2, 3
Let t(w) = -2*w**2 + 57*w + 39. List the prime factors of t(26).
13
Suppose 6*g - 12 + 12 = 0. Suppose g = 10*r - 1839 + 129. List the prime factors of r.
3, 19
Let t = -136 - -508. Suppose 3*p + 4 = -8, 3*p = 4*z - t. Suppose 0 = -4*r - r + z. What are the prime factors of r?
2, 3
Let p(q) = 52*q**3 + q**2 - 2*q + 4. What are the prime factors of p(2)?
2, 3, 5, 7
Let l = -1529 + 3322. What are the prime factors of l?
11, 163
Let w be 1*(-33 - (-3 - 4)). Suppose -6 = 3*y, 2*l - 4*l - 2*y = -2. Let h = l - w. List the prime factors of h.
29
What are the prime factors of 676*(13/39 - (-1)/6)?
2, 13
Suppose 0 = -4*y - 5*a + 853, 4*y - 261 = -a + 572. Let r = y - 13. What are the prime factors of r?
2, 97
Let l(p) = 132*p**2 + p - 2. Let w be l(1). Let f = w + -38. What are the prime factors of f?
3, 31
List the prime factors of 342/2 + 1 + 9 + -16.
3, 5, 11
Let y(b) = -79*b + 49. What are the prime factors of y(-5)?
2, 3, 37
Let s(v) = -v**3 - 4*v**2 + 2*v. Let f(o) = -o**3 - 12*o**2 + o + 17. Let y be f(-12). Suppose 0 = y*x + 6 + 19. List the prime factors of s(x).
3, 5
What are the prime factors of (-40)/15*1098/(-8)?
2, 3, 61
Suppose -11 + 19 = -2*m, -4*g - 4*m = -2468. What are the prime factors of g?
3, 23
Suppose -5*j = -20, 4*j + 2520 = 4*y - 3*y. List the prime factors of y.
2, 317
Let i be -3*((-8)/6 + 0). List the prime factors of (-596)/(-16) - i/16.
37
Let h = 54 + -78. Let p(c) = 3*c - 8. Let v be p(8). List the prime factors of (v/h)/(1/(-24)).
2
Let q(c) = -10*c**3 + 3*c**2 + c - 3. Let z be q(4). List the prime factors of 1/2 + (z/2)/(-3).
3, 11
Suppose 2*f + f - 45 = 0. Suppose 5*o - 3*g = 25, 5*g + 0*g = -3*o + f. List the prime factors of ((-28)/10)/((-2)/o).
7
Let p(o) = o**3 + o**2 - 3*o - 3. Let l be p(-3). Let x = l + 59. List the prime factors of x.
47
Suppose c - 3*c - 48 = 0. Let p = 159 + c. Suppose -p = 10*k - 15*k. What are the prime factors of k?
3
Let v(h) = 3*h**2 + 34*h. What are the prime factors of v(-29)?
29, 53
Let b = 2282 + -274. List the prime factors of b.
2, 251
List the prime factors of (-3)/11 + 18816/22.
3, 5, 19
Let n = -17 - -27. Suppose 5*i + 0*i = n. Suppose -i*f = 4*w - 118, 0 = -w - 2*f + 7*f + 2. List the prime factors of w.
3
Suppose 16*i + 13092 = 28*i. What are the prime factors of i?
1091
Suppose 0 = -5*n - 2*p + p + 1242, -2*p - 6 = 0. Suppose -v = 2*v - n. Let o = v - 43. List the prime factors of o.
2, 5
Let q be 6/27 - (-3632)/18. Suppose 0*l + q = 2*l. What are the prime factors of l?
101
Let c(y) = -y**2 - 11*y - 5. Let l b